
Suppose 7*k = 3*k - 16, 3*h - 197 = 2*k. Suppose l - 2*l + h = 2*n, -3*l + 93 = 3*n. What is the greatest common divisor of n and 32?
32
Let l = 284 + -237. Suppose -m - m = -3*d + l, 4*d - 68 = 4*m. What is the highest common factor of d and 13?
13
Let d = -220 + 218. Let b be (d + -4)*(-8)/3. Calculate the greatest common factor of 8 and b.
8
Suppose 2*z = -3*p + 888, 0*z + 4*z + 2*p - 1776 = 0. What is the highest common factor of z and 333?
111
Let u be (-27)/45 - (156284/(-60) + 14/105). What is the greatest common factor of u and 1092?
84
Let w(o) = -2*o**3 - 2*o**2 + 7*o + 20. Let p be w(-3). Suppose i + p - 37 = 0. Calculate the highest common factor of 78 and i.
2
Suppose -4*i = w + 3, 1101*w = 1103*w - 2*i - 64. Suppose d + 3*d = 1256. Suppose d = 5*h - 686. Calculate the highest common factor of h and w.
25
Suppose 3*c - 6*c - 6 = -3*x, 3*x - 6 = 0. Let k be (c - 3) + 37 + -2. Suppose 3*p - 167 = -k. Calculate the highest common factor of p and 5.
5
Suppose 0 = 3*q + 3*a + 63, -4*a - 30 = -8*q + 9*q. Let f be 3 - 1*(q - -7). What is the greatest common factor of f and 112?
14
Let b = -9148 + 9786. What is the greatest common divisor of b and 22?
22
Let c = -16079 - -16263. What is the greatest common divisor of 64 and c?
8
Let o(d) = -527*d + 40 - 528*d + 1060*d. Let p be o(5). What is the highest common divisor of 104 and p?
13
Let m(u) = 27*u**2 - 74*u + 1001. Let f be m(13). What is the highest common factor of f and 26?
26
Let n = 299148 - 298796. Let y(a) = -12*a**3 - 2*a**2 - 2*a - 1. Let w be y(-1). What is the greatest common factor of w and n?
11
Let r = 274 + -270. Let n be (-7840)/(-434) - r/62. What is the highest common factor of n and 270?
18
Suppose -5*n + 2 = 2*i + 33, -n + i = 9. Let t be (-6)/(-21) - (-100)/n. Let s be 20/7*t/(-4). What is the highest common divisor of 80 and s?
10
Let h(z) be the third derivative of -7*z**4/24 - 7*z**3/6 - 20*z**2. Let u be h(-11). Calculate the highest common divisor of 35 and u.
35
Suppose 0 = -2*w + 7*w + 5*t - 130, 4*w = 5*t + 113. Let v be (18/w)/(4/(-54)). Let h = v + 23. Calculate the highest common factor of 7 and h.
7
Let p(j) = 23*j - 4. Let r be p(4). Suppose -4*c = -5*w - 4 - 39, -w = 3*c - 75. What is the highest common factor of r and c?
22
Let y(n) = 14*n**3 + 3*n**2 - 4*n - 1. Let j be y(2). Calculate the greatest common factor of j and 552.
23
Let y = 2 + 1. Let i(l) = 19*l - 170. Let w be i(9). What is the greatest common factor of w and y?
1
Let j(v) = -19*v + 2. Let i be j(-2). Let r = 96 - i. Calculate the highest common divisor of r and 14.
14
Suppose -4*a + 389 = -g - 504, -4*a - 3*g + 905 = 0. Let i = 17 + -3. Calculate the greatest common factor of i and a.
14
Let c be 307/3 + 1/(-3). Let t be (-2)/7 - 13500/(-945). Suppose -2*l = -a - t, -l - a - 2 = 3*a. Calculate the highest common divisor of c and l.
6
Suppose 3*v = 0, 5*o + 2*v = -0*o + 45. Let x be (-3 - 1393/(-21)) + 1/(-3). What is the greatest common factor of o and x?
9
Suppose -4*c = 16, r + 33 = -4*c + 13. Let u(g) = 0*g + 2*g - 6 + 3*g**2 + 3. Let k be u(r). Calculate the greatest common divisor of 407 and k.
37
Let h(m) = 10*m - 2. Let l be h(4). Let f = l + -13. Let i(y) = -36*y - 206. Let u be i(-6). Calculate the greatest common divisor of u and f.
5
Let i = -38 + 50. Let w be (-130130)/(-198) + 4/(-18). Let o be w/9 - (2 + -1). What is the greatest common divisor of i and o?
12
Let g be (((-12)/10)/((-3)/220))/2. Suppose 349 = s - 3*k, -2*s = -5*s - k + 1057. Calculate the greatest common factor of g and s.
44
Suppose 0 = 6*b - 2*b - 300. Let d(q) = 257*q - 1574. Let i be d(7). Calculate the highest common divisor of i and b.
75
Suppose -3*k + 2*n = -546, -4*k = 5*n - 0*n - 705. Let t = k - 141. Let c be ((-6)/(-9))/(2/t). What is the greatest common factor of c and 13?
13
Let q = -50 + 51. Suppose 4*l + 2*i - 3 = -q, 4*l - 11 = i. Let d = 105 - 73. What is the greatest common divisor of d and l?
2
Suppose 6*p = 9*p - a - 9, a + 3 = 0. Suppose 0 = 9*j - 2*j - 63. What is the greatest common divisor of p and j?
1
Let u(q) = -q**3 + 15*q**2 - 34*q + 1160. Let d be u(17). Calculate the highest common divisor of 10796 and d.
4
Suppose -2159*j + 2099*j + 3360 = 0. Suppose -2*v = -111 - 17. Calculate the highest common divisor of j and v.
8
Suppose 12 = -4*a, 7*k + 164 = 9*k + 4*a. Suppose 3*g + 4*j - 13 = 32, 4*j = 3*g - 21. What is the highest common factor of k and g?
11
Let n(j) = -7*j - 84. Let y be n(-14). Let w be 39/4 - (-6)/(-24)*-1. Calculate the highest common divisor of w and y.
2
Suppose 5*j + 32275 = 4*c, 0 = 3*c + 45*j - 41*j - 24214. Calculate the highest common divisor of c and 30.
30
Let y be (110/(-33) + -20)*24/(-7). Calculate the greatest common divisor of y and 390.
10
Let f(y) = 4*y**2 - 13*y + 7. Let l be f(3). Let v be -76*6/(-24) - l. Calculate the greatest common divisor of 435 and v.
15
Suppose 3*f + 2*q - 24 = 0, -4*f + 5*f - 4 = -2*q. Calculate the greatest common factor of 8770 and f.
10
Let q be (2 - 1027*-1) + -63 + 60. What is the highest common factor of 152 and q?
38
Let v be -4 + (-5)/1 - 34902/(-21). Calculate the greatest common divisor of 228 and v.
57
Let d(b) = -2*b + 42. Let n be 3 - (-105)/(-33) - (-665)/209. Let l be d(n). Let u be 6 + (-2 + 4)/(-1). Calculate the highest common factor of l and u.
4
Let k = -13 + 16. Let q be 3 - (-3 + -11*k). Let s be 724/14 - 38/(-133). Calculate the greatest common divisor of s and q.
13
Suppose 0 = -4*h + 2*m + 30330, 110*m = h + 116*m - 7602. Calculate the highest common divisor of 96 and h.
96
Suppose d = 5*n - 20, 3*n - 13 = 4*d - 1. Suppose 0 = 5*h + n*z - 20 - 16, -4*h - 3*z + 29 = 0. Calculate the greatest common factor of h and 256.
8
Let m = -1335 - -1342. What is the highest common factor of m and 4963?
7
Let r be ((9 - 5) + -21)/1. Let d(b) = b**3 + 16*b**2 - 19*b - 2. Let c be d(r). What is the highest common divisor of 4 and c?
4
Let f(l) = 28*l - 49. Let t be f(5). Let o(y) = y**3 + 15*y**2 + 10. Let k be o(-15). Let r be 5*(54/k + -4). Calculate the highest common divisor of r and t.
7
Let v = 761 - 727. Calculate the highest common factor of v and 51.
17
Let d = 1085 + -409. Suppose -16*j = 36*j - d. Let w(s) = 6*s**2 - 8*s + 7. Let g be w(5). Calculate the highest common factor of j and g.
13
Let m be (-109188)/(-337) - (-2)/4*2. What is the highest common divisor of 400 and m?
25
Suppose 5*o - 9*o + 5*w = -1047, 0 = o - w - 261. Let v = o - -260. What is the greatest common divisor of v and 74?
74
Let s = -40 + 57. Let d(g) = -g**2 + g**2 - 5 - g**2 - 11 + s*g. Let m be d(14). Calculate the highest common factor of m and 39.
13
Let w = -5611 + 5739. What is the greatest common divisor of w and 8192?
128
Suppose -5*d - 13 - 62 = 0. Let r be 20/(-6)*d/20*4. Let w(l) = -l**3 - 4*l**2 + 7*l - 20. Let t be w(-6). Calculate the highest common factor of r and t.
10
Let f be -582*3/(-6) + -5. Let n = 533 - f. What is the greatest common divisor of n and 38?
19
Let x(l) be the first derivative of 13*l**2 - 10*l + 103. Let o be x(1). What is the greatest common factor of 176 and o?
16
Suppose u + 4*n - 162 = 144, -2*n = -8. What is the greatest common factor of 470 and u?
10
Suppose -26*c = -37722 - 54711 + 11729. Calculate the highest common divisor of c and 32.
32
Let k(u) = 6*u - 2*u**2 + 3*u + 7*u - 10 + 3*u**2. Let n be k(-17). Suppose n*o - 263 = 241. What is the highest common divisor of 8 and o?
8
Let t(n) = 13*n - 18. Let l = 97 + -93. Let g be t(l). Suppose 3*a - g = -2*x - 14, 8 = 5*a - 3*x. What is the greatest common factor of a and 4?
4
Let s(f) = -f**3 + 2*f**2 + 117*f + 758. Let z be s(-7). What is the highest common divisor of 160 and z?
20
Let n be 15 - -155 - (-6 + -6). Calculate the greatest common factor of 234 and n.
26
Let k be 284/11 + 12/66. Suppose 5*m - 2*m - 5*d = k, -m + 22 = -5*d. Suppose -3*i - m*i + 75 = 0. Calculate the highest common divisor of 165 and i.
15
Let d(p) = 7*p + 3. Let b be d(3). Let t = -2518 - -2638. What is the highest common factor of t and b?
24
Suppose -4*z = -0*z - 2296. Let g = -262038 - -262045. What is the highest common factor of g and z?
7
Let g(y) = 14*y - 215. Let f(s) = 72*s - 1075. Let m(n) = -2*f(n) + 11*g(n). Let o be m(28). What is the